 - 10) + -9 - -24)?
-20
Evaluate 33 - (-18 + 29 + 48).
-26
1 - -2 - (1 + -7 + (-132 - -9))
132
Evaluate (74 + 5 + -3 - 3) + -27 + 31 + -15.
62
17 + -111 + 106 + 3 + -21
-6
Evaluate -10 + -36 + ((2 - (12 - 1)) + 20 - 9).
-44
Evaluate 26 + 9 + (-98 - -116).
53
Evaluate 0 + -17 + 0 + (26 - (62 - -23) - -55).
-21
What is the value of -13 + 29 + 246 + -145?
117
What is 479 - 549 - (-27 - 0)?
-43
-1 - -17 - 8 - (23 - 3) - (-3 - 17)
8
What is the value of 1 - 5 - (7 + (19 - (10 - -14)) + -70)?
64
-16 + 20 - (2 + 2) - (-100 + 101)
-1
What is (65 - (4 - -17)) + 57 + -87?
14
Calculate (90 - 57 - 17) + (19 - 0).
35
Evaluate -11 - (-7 - ((-11 - (3 + -20)) + -8)) - -2.
-4
18 - (-19 - (-16 - 17))
4
What is the value of -88 + 84 + 37 + -74?
-41
What is 1 + -5 + 0 + (1 + 6 - -3) + 7?
13
(4 - -9) + -2 + 15 + -64
-38
3 + 11 - (-9 - (-31 + 11)) - 0
3
Evaluate (64 - (6 + 7 + -12)) + (3 - (2 - 3)).
67
Evaluate (9 - 5) + 39 + (7 - (-12 + 16)).
46
What is the value of -27 + -18 + 38 - ((-49 + -7 - -7) + 1)?
41
Calculate -9 - ((-10 - -21 - -1) + (10 - -3) + -176).
142
Calculate 9 - (119 + (22 - 22 - -16) + -25).
-101
-846 - -887 - (10 + -3)
34
What is the value of 3 - (24 + -55 - -76 - -27)?
-69
What is the value of 38 + -32 - (-24 - -10 - 7)?
27
Evaluate (15 - 12) + (-5 - (-20 + -9)).
27
What is the value of (0 - -3) + (343 - 320) + -23 + 0 + -3?
0
What is the value of 38 - (5 - 32) - 32?
33
Calculate -57 + -6 + (100 - 162).
-125
Calculate (-17 - (-83 - -111)) + 35.
-10
Calculate (1196 - 1152) + -51 + 4.
-3
Calculate -24 + (-13 - -15) - -41.
19
Evaluate -1598 + 1609 + 2 + (-58 - -1).
-44
Calculate -51 + -28 + 14 + 18 + -3 + 7.
-43
What is the value of -36 - (15 + -43 + 20 + 1 + (2 - 3))?
-28
Evaluate 5 + -3 + (-11 - -7) + 4 - 2 - 30.
-30
1 + 38 + (-102 - -5 - -68)
10
-191 - -85 - -146 - (2 + 116)
-78
What is 1024 - 1062 - (2 - -31)?
-71
What is -63 + (91 - 56) - 12?
-40
What is the value of 8 + (46 - 53) + 42?
43
17 + -51 + 71 + -43
-6
-32 - (3 + -10) - (-37 + 60)
-48
What is 14 + (12 - -7 - 35 - -8)?
6
Calculate (-20 - -2) + (64 - (46 + -17)).
17
Evaluate (12 - (-7 - -8)) + -13 - 28.
-30
What is (113 - 346) + 193 - (-15 + 0 + -2)?
-23
What is -67 - -8 - (113 + -133)?
-39
What is -7 + (19 - (7 - -4) - -12) - -1?
14
What is -35 - -1 - (35 + -74) - (1 + -4 + 0)?
8
Calculate -66 + -135 + 199 + -90.
-92
Calculate (-4 + 3 - -4) + -51 - ((4 - -5) + -21).
-36
Evaluate -109 + (-6 - (-11 + 14)) + 30.
-88
What is -58 - (37 + -79 - -3)?
-19
What is the value of -171 - ((-67 - (19 + -58)) + 12)?
-155
Calculate 37 + (-8 - -3 - (-15 + -4 - 1) - 7).
45
Evaluate 4 + -4 - 16 - (18 + 2).
-36
Calculate -25 - (-12 + (147 - 147 - (3 - 5 - 5))).
-20
Evaluate -164 + -7 - -181 - ((9 - 15) + (1 - 3)).
18
Evaluate 11 - (-29 + (-1 + -7 + 9 - 6)).
45
What is the value of -1 + -5 - (3 - (12 - 8))?
-5
Evaluate (-63 - -43) + (4 - -37) + -6.
15
Calculate -1 + -16 - (14 - (26 + 13) - -15).
-7
What is 58 + -45 + -44 + 36?
5
Evaluate -12 - (-35 + 36) - -20.
7
Evaluate 14 + (7 - 32) - ((3 - 5) + -18 + -1).
10
4 - (12 + -2 + 54 + (-5 + 10 - -5))
-70
Calculate (1 - (2 - -4)) + -11 - (1 - -5).
-22
Calculate -11 + (23 - -14 - 7) + -81.
-62
Evaluate -11 + 1 + (-1 - -1) - (-69 - (303 + -238)).
124
5 + (44 - 5) + -57
-13
What is (-2 - -2) + (26 - 11 - 12 - 49) + 0?
-46
What is 29 + (1 + -73 - -73)?
30
What is the value of (15 - -2) + -54 + 80 + -26?
17
Calculate 32 + -29 + -33 + (3 - -108).
81
What is (3 - -1) + (44 - 3)?
45
What is -19 + (20 - 39 - -15)?
-23
What is 3321 + -3226 - (11 + (3 - 4))?
85
What is the value of -4 + -1 + 9 + -5 + 15 + -33 + 16?
-3
Evaluate 23 + (-11 - -11) + -54 - (14 - 1).
-44
What is (-2 - -39) + 67 + (-96 - -83)?
91
Evaluate -34 - (-97 - -52) - 46.
-35
What is (28 - 47) + 85 + (0 - (11 + -17))?
72
Calculate 22 + (19 - -5) + -24 - -29.
51
-149 + (80 - 48) - (-3 + -15)
-99
Evaluate 96 + 0 - (-16 + -5 + (-127 - -153)).
91
Calculate -660 + 658 + 69 + 4.
71
Calculate 43 + (13 - (-29 - -68)) - 71.
-54
-19 + (80 - 23) - 59
-21
Calculate -309 + 250 - (1 - 27) - -76.
43
What is the value of 2 + 64 - (-1439 + 1471)?
34
(18 + -2 - (35 + -41)) + 35 + 52
109
What is the value of 1 + 0 - (18 - (-41 - 0 - (-519 - -497)))?
-36
What is the value of -4 + 52 + (2 + -33 - -18)?
35
What is -15 - (-39 - (-2 + 19)) - 14?
27
What is (1 - 20) + (9 - -2) + -6 + 1?
-13
Evaluate -31 - (-49 - -94) - -19 - (-1 - 1 - -6).
-61
Calculate 13 - (-17 - -12 - 2 - 3 - 11).
34
What is the value of 92 - 0 - (3183 + -3198 + (-2 + 1 - -8))?
100
Evaluate 65 + -38 + 87 - 86.
28
Calculate (324 - 285) + (1 - -1) - -60.
101
Evaluate -27 + (-28 - -19 - -43).
7
Evaluate -19 - ((81 - 29) + -84).
13
Calculate 14 + -44 + 24 - (1 - 4 - (-12 - -101)).
86
Evaluate (-266 - -276) + 9 - (-2 + 3 - 134).
152
(-18106 - -18015) + (-1 - -1 - 1 - -18)
-74
What is -15 - (47 + (7 - (0 - -15)))?
-54
Calculate 96 + (17 - -63) - (47 - 0).
129
Calculate (13 - 9) + 9 - (22 + -1).
-8
Evaluate 53 + 28 + 11 - 80.
12
What is -36 + (25 + 6 - (17 + -72))?
50
-635 + 130 - -408 - (0 + 1 + 7)
-105
What is 55 + 1 - (6068 - 5925) - (0 - -4)?
-91
16 + (37 - 40) - 51 - -19
-19
What is 3 + -6 - (-20 + 13 + 8)?
-4
Evaluate (-1 - 0) + (-85 - -54) + (2 - 9).
-39
What is the value of 61 - (88 - 83 - -17)?
39
What is the value of 25 + 5 + -20 + (-54 - -93)?
49
Evaluate (9 - (-38 + 22)) + -2 + 8.
31
What is the value of (3 - -59) + (13 - 31 - -36) - (0 - 9)?
89
138 + (24 - 40) + -21
101
Calculate 34518 + -34486 + -141 + 0.
-109
What is 1 - 28 - (-2 + 31 + (44 - (150 - 83)))?
-33
What is 70 - (-59 - (-81 + -99))?
-51
(-899 - -907) + (-8 - -1)
1
26 - (7 + -11 + -4 + 3) - 6
25
-32 - (28 - ((-23 - -7) + 81))
5
(-11 - ((-32 - -5) + 19)) + -18
-21
Evaluate -14 - -4 - (0 - 64).
54
What is (11 + 7 + -27 - -12) + -46?
-43
5 - 0 - (0 - 1 - -49) - (13 - 6)
-50
Evaluate 34 - (4 + 7) - (-1 - -6) - -3.
21
What is 0 + 9 + (-8 - ((-7 - 9) + -10) - 87)?
-60
What is the value of 8 - 3 - (-171 - -229)?
-53
What is 8 - ((9 - (10 + -1 + -4)) + (2 - 50))?
52
13 + (-13 + 2 - -14) - (9 - (16 - 10))
13
What is (-12 + -181 - -79) + 65?
-49
Evaluate 0 + (14 - 4) - (53 + -25).
-18
Evaluate 24 - (8 - (-21 - 30)).
-35
Evaluate -37 + (5 - (15 + (-27 - -17))) - 0.
-37
What is (-82 - -86 - (-3 + 4 - (2 + -9))) + 59?
55
What is (6 - (11 + -16)) + -10 - (9 + -15 - 2)?
9
26 - -11 - 25 - (-6 - -39)
-21
What is 40 + 25 + -35 + 5 - (1 + -2)?
36
Evaluate -39 + -1 - (-5247 + 5217).
-10
-7 + (-2 - 11 - -26) + -13 + -10
-17
Calculate 80 - (107 - -3 - 75).
45
Evaluate -95 - (38 + -104) - (-2 + 3).
-30
What is the value of 6 + 7 + -7 + 25?
31
What is -218 - (-50 + -81) - 37?
-124
Calculate 32 - (36 - (31 - 60)).
-33
Evaluate 13 + (11 + -52 - 121 - (-5 - -4 - -2)).
-150
Evaluate 43 - -4 - 63 - (-52 + (0 - -6)).
30
Calculate 3 - -35 - (-9 - (79 + -64)).
62
Evaluate (-21 - (22 - 86)) + 0 + -3 + -5 + 8.
43
Evaluate 1 + 1 - (72 - (71 - 17)) - 0.
-16
(39 - 2) + -575 + 506 - -98
66
43 - (-44 - (63 + -196))
-46
What is -4 + (3 - -2) + (1 - -4) + (4550 - 4634)?
-78
Evaluate (23 - (-2 - -1)) + (6911 - 6896).
39
What is the value of 13 + (0 - 10 - -1 - (-11 - -10)) + -26?
-21
Calculate 9 - ((-2 - (-9 + 0)) + -670 + 677).
-5
What is 21 - (-28 + 32 + -34)?
51
Evaluate 35 - 25 - (-25 + 98).
-63
Evaluate -122 + (-24 - (-42 + -15 - -41)).
-130
Calculate (3 - 7 - -10) + 5 - (16 - 15).
10
Evaluate 25 + -1 + 196 + 187 + -282.
125
Calculate 15 + (-32 - (30 + -7)).
-40
What is the value of 0 - (3 + 11 + -8) - (5 + 4)?
-15
What is (2 - 27) + -3 + (653 - 648)?
-23
Evaluate (0 + 2 - (11 + 1) - -10) + -18 - -1.
-17
What is 6 - (-3 + -16 - (-145 + 146))?
26
Calculate (27 - (69 + -40)) + (3 - -56 - -1).
58
Calculate -114 + -4 + 1 + -59 + 98.
-78
Calculate 63 - (-11 + 19 + 2 + 2 + -3) - 0.
54
Calculate -31 + 38 + 1 + -3 + (-8 - -2) + 104.
103
What is the value of 23 - (-19 - (4 + -57 - 20))?
-31
0 + -9 + (8 - (-12 + 5)) - 33
-27
What is the value of 2 + -15 + 5937 + -5819?
105
What is the value of 2527 + -2511 - (-9 + 4 - -2)?
19
Calculate -10 + -26 + (-2 + 16 - (4 + 11 - 15)).
-22
-1 + 6 + 6 + (-4 - -1) + 34
42
What is the value of 26 + (-2 - -20) + 15 + 3?
62
-32 - (34 + -26 - 69)
29
What is the value of -3 + 67 + 120 + -22 + -107?
55
-21 - ((-27 - -10) + -2 + 8) - (-61 + 1)
50
Evaluate (0 - 1) + (-3 - (-66 + (3 - -5))).
54
Evaluate